{"id":3869,"date":"2024-12-24T01:32:47","date_gmt":"2024-12-24T01:32:47","guid":{"rendered":"https:\/\/carlosanouchepropiedades.com.ar\/?wdk-listing=caballito1ambfrentecon-cochera-a-estrenardigno-de-ver"},"modified":"2024-12-24T01:32:47","modified_gmt":"2024-12-24T01:32:47","slug":"caballito1ambfrentecon-cochera-a-estrenardigno-de-ver","status":"publish","type":"wdk-listing","link":"https:\/\/carlosanouchepropiedades.com.ar\/?wdk-listing=caballito1ambfrentecon-cochera-a-estrenardigno-de-ver","title":{"rendered":"CABALLITO ,1amb,frente, apto profesional,cochera, a estrenar,digno de ver,"},"content":{"rendered":"<p><span style=\"color: #0000ff\"><em># CABALLITO, 1 AMBIENTE CON COCHERA A ESTRENAR TODO LUZ<\/em><\/span><\/p>\n<div class=\"row bottom-margin35\">\n<div id=\"desc\" class=\"col-md-6\">\n<p><span style=\"color: #0000ff\">Excelente ubicaci\u00f3n, zona comercial\/residencial, edificio situado<\/span><\/p>\n<p><span style=\"color: #0000ff\">\u00a0calle Doblas esquina Pasaje Matorras, a media cuadra de la Av. Juan B<\/span><\/p>\n<p><span style=\"color: #0000ff\">Alberdi, y a tan solo 1 cuadra y media avenida Pedro Goyena,y tambi\u00e9n<\/span><\/p>\n<p><span style=\"color: #0000ff\">2 cuadras de Av. La Plata, y tan solo3 cuadras Av. Jos\u00e9 Mar\u00eda Moreno,<\/span><\/p>\n<p><span style=\"color: #0000ff\">3 cuadras del Parque Rivadavia, y tres de Av. Directorio, infinidad de<\/span><\/p>\n<p><span style=\"color: #0000ff\">medios de transporte, Subte L\u00ednea A y L\u00ednea E.-<\/span><\/p>\n<p><span style=\"color: #0000ff\">La propiedad, se halla\u00a0 ubicada\u00a0 frente sobre el pasaje Matorras, <\/span><span style=\"color: #0000ff\">proporciona<\/span><\/p>\n<p><span style=\"color: #0000ff\"> un silencio \u00fanico en el coraz\u00f3n de Caballito y <\/span><span style=\"color: #0000ff\">tranquilidad con respecto al transito. <\/span><\/p>\n<p><span style=\"color: #0000ff\">\u00a0Edificio posee\u00a0 entrada con Port\u00f3n Autom\u00e1tico y acceso super c\u00f3modo al edificio.<\/span><\/p>\n<p><span style=\"color: #0000ff\">Edificio de 5 pisos, con 3 unidades por planta del 1ero al 4to piso., una<\/span><\/p>\n<p><span style=\"color: #0000ff\">unidad exclusiva en el 5to Piso donde tambi\u00e9n se accede a la TERRAZA en<\/span><\/p>\n<p><span style=\"color: #0000ff\">com\u00fan con\u00a0 PARRILLAS para\u00a0 disfrutar;ascensor autom\u00e1tico de acero inoxidable<\/span><\/p>\n<p><span style=\"color: #0000ff\">c\/ espejo en su interior. Hall de entrada al edificio cuenta con puerta y<\/span><\/p>\n<p><span style=\"color: #0000ff\">laterales de blindex y proporciona vista tanto a la calle Doblas como al<\/span><\/p>\n<p><span style=\"color: #0000ff\">pasaje. <\/span><\/p>\n<p><span style=\"color: #0000ff\">Hall de Entrada; mayor privacidad al monoambiente, con<\/span><\/p>\n<p><span style=\"color: #0000ff\">una moderna cocina totalmente equipada;\u00a0 con muebles completos, bajo mesada y alacena,<\/span><\/p>\n<p><span style=\"color: #0000ff\">artefacto de cocina, mesada con pileta de acero inoxidable, barra<\/span><\/p>\n<p><span style=\"color: #0000ff\">desayunadora y espacio para el LAVARROPAS,\u00a0 piso y revestimientos en<\/span><\/p>\n<p><span style=\"color: #0000ff\">cer\u00e1micos, al ingresar a la izquierda nos encontramos con un placard de dos<\/span><\/p>\n<p><span style=\"color: #0000ff\">puertas corredizas con interiores, y un BA\u00d1O completo con ba\u00f1era, y a la<\/span><\/p>\n<p><span style=\"color: #0000ff\">derecha con el monoambiente de 7 x 3.05 con salida al BALCON CON VISTA<\/span><\/p>\n<p><span style=\"color: #0000ff\">a la calle sobre el pasaje. Todos los pisos de cer\u00e1micos, aberturas puerta<\/span><\/p>\n<p><span style=\"color: #0000ff\">balc\u00f3n en aluminio anodizado. Ba\u00f1o completo con ba\u00f1era y vanitory,<\/span><\/p>\n<p><span style=\"color: #0000ff\">revestido en su totalidad con cer\u00e1micos hasta el techo y una guarda<\/span><\/p>\n<p><span style=\"color: #0000ff\">perimetral que le proporciona calidez al mismo. Con espejo y accesorios de<\/span><\/p>\n<p><span style=\"color: #0000ff\">porta rollo y toallero.<\/span><\/p>\n<p><span style=\"color: #0000ff\">Centros de salud, centros de ense\u00f1anza, de diversos niveles, y especialidades,<\/span><\/p>\n<p><span style=\"color: #0000ff\">Supermercados,Comisar\u00edas:13,11, Avenidas: Pedro Goyena,Jose M Moreno,Rivadavia en el radio.-<\/span><\/p>\n<p><span style=\"color: #0000ff\">Se ofrece financiaci\u00f3n privada por saldo de precio, hipoteca privada en d\u00f3lares condiciones a convenir<\/span><\/p>\n<p><span style=\"color: #0000ff\">Garaje ,port\u00f3n levadizo con acceso por control remoto;tan solo 4 cocheras fijas,<\/span><\/p>\n<\/div>\n<\/div>\n","protected":false},"excerpt":{"rendered":"<p># CABALLITO, 1 AMBIENTE CON COCHERA A ESTRENAR TODO LUZ Excelente ubicaci\u00f3n, zona comercial\/residencial, edificio situado \u00a0calle Doblas esquina Pasaje Matorras, a media cuadra de la Av. Juan B Alberdi, y a tan solo 1 cuadra y media avenida Pedro Goyena,y tambi\u00e9n 2 cuadras de Av. La Plata, y tan solo3 cuadras Av. Jos\u00e9 Mar\u00eda [&hellip;]<\/p>\n","protected":false},"author":4,"featured_media":0,"template":"","meta":{"site-sidebar-layout":"default","site-content-layout":"","ast-site-content-layout":"default","site-content-style":"default","site-sidebar-style":"default","ast-global-header-display":"","ast-banner-title-visibility":"","ast-main-header-display":"","ast-hfb-above-header-display":"","ast-hfb-below-header-display":"","ast-hfb-mobile-header-display":"","site-post-title":"","ast-breadcrumbs-content":"","ast-featured-img":"","footer-sml-layout":"","ast-disable-related-posts":"","theme-transparent-header-meta":"","adv-header-id-meta":"","stick-header-meta":"","header-above-stick-meta":"","header-main-stick-meta":"","header-below-stick-meta":"","astra-migrate-meta-layouts":"default","ast-page-background-enabled":"default","ast-page-background-meta":{"desktop":{"background-color":"var(--ast-global-color-4)","background-image":"","background-repeat":"repeat","background-position":"center center","background-size":"auto","background-attachment":"scroll","background-type":"","background-media":"","overlay-type":"","overlay-color":"","overlay-opacity":"","overlay-gradient":""},"tablet":{"background-color":"","background-image":"","background-repeat":"repeat","background-position":"center center","background-size":"auto","background-attachment":"scroll","background-type":"","background-media":"","overlay-type":"","overlay-color":"","overlay-opacity":"","overlay-gradient":""},"mobile":{"background-color":"","background-image":"","background-repeat":"repeat","background-position":"center center","background-size":"auto","background-attachment":"scroll","background-type":"","background-media":"","overlay-type":"","overlay-color":"","overlay-opacity":"","overlay-gradient":""}},"ast-content-background-meta":{"desktop":{"background-color":"var(--ast-global-color-5)","background-image":"","background-repeat":"repeat","background-position":"center center","background-size":"auto","background-attachment":"scroll","background-type":"","background-media":"","overlay-type":"","overlay-color":"","overlay-opacity":"","overlay-gradient":""},"tablet":{"background-color":"var(--ast-global-color-5)","background-image":"","background-repeat":"repeat","background-position":"center center","background-size":"auto","background-attachment":"scroll","background-type":"","background-media":"","overlay-type":"","overlay-color":"","overlay-opacity":"","overlay-gradient":""},"mobile":{"background-color":"var(--ast-global-color-5)","background-image":"","background-repeat":"repeat","background-position":"center center","background-size":"auto","background-attachment":"scroll","background-type":"","background-media":"","overlay-type":"","overlay-color":"","overlay-opacity":"","overlay-gradient":""}}},"class_list":["post-3869","wdk-listing","type-wdk-listing","status-publish","hentry"],"_links":{"self":[{"href":"https:\/\/carlosanouchepropiedades.com.ar\/index.php?rest_route=\/wp\/v2\/wdk-listing\/3869","targetHints":{"allow":["GET"]}}],"collection":[{"href":"https:\/\/carlosanouchepropiedades.com.ar\/index.php?rest_route=\/wp\/v2\/wdk-listing"}],"about":[{"href":"https:\/\/carlosanouchepropiedades.com.ar\/index.php?rest_route=\/wp\/v2\/types\/wdk-listing"}],"author":[{"embeddable":true,"href":"https:\/\/carlosanouchepropiedades.com.ar\/index.php?rest_route=\/wp\/v2\/users\/4"}],"version-history":[{"count":2,"href":"https:\/\/carlosanouchepropiedades.com.ar\/index.php?rest_route=\/wp\/v2\/wdk-listing\/3869\/revisions"}],"predecessor-version":[{"id":3871,"href":"https:\/\/carlosanouchepropiedades.com.ar\/index.php?rest_route=\/wp\/v2\/wdk-listing\/3869\/revisions\/3871"}],"wp:attachment":[{"href":"https:\/\/carlosanouchepropiedades.com.ar\/index.php?rest_route=%2Fwp%2Fv2%2Fmedia&parent=3869"}],"curies":[{"name":"wp","href":"https:\/\/api.w.org\/{rel}","templated":true}]}}

<p><span style="color: #0000ff"><em># CABALLITO, 1 AMBIENTE CON COCHERA A ESTRENAR TODO LUZ</em></span></p>
<div class="row bottom-margin35">
<div id="desc" class="col-md-6">
<p><span style="color: #0000ff">Excelente ubicación, zona comercial/residencial, edificio situado</span></p>
<p><span style="color: #0000ff"> calle Doblas esquina Pasaje Matorras, a media cuadra de la Av. Juan B</span></p>
<p><span style="color: #0000ff">Alberdi, y a tan solo 1 cuadra y media avenida Pedro Goyena,y también</span></p>
<p><span style="color: #0000ff">2 cuadras de Av. La Plata, y tan solo3 cuadras Av. José María Moreno,</span></p>
<p><span style="color: #0000ff">3 cuadras del Parque Rivadavia, y tres de Av. Directorio, infinidad de</span></p>
<p><span style="color: #0000ff">medios de transporte, Subte Línea A y Línea E.-</span></p>
<p><span style="color: #0000ff">La propiedad, se halla  ubicada  frente sobre el pasaje Matorras, </span><span style="color: #0000ff">proporciona</span></p>
<p><span style="color: #0000ff"> un silencio único en el corazón de Caballito y </span><span style="color: #0000ff">tranquilidad con respecto al transito. </span></p>
<p><span style="color: #0000ff"> Edificio posee  entrada con Portón Automático y acceso super cómodo al edificio.</span></p>
<p><span style="color: #0000ff">Edificio de 5 pisos, con 3 unidades por planta del 1ero al 4to piso., una</span></p>
<p><span style="color: #0000ff">unidad exclusiva en el 5to Piso donde también se accede a la TERRAZA en</span></p>
<p><span style="color: #0000ff">común con  PARRILLAS para  disfrutar;ascensor automático de acero inoxidable</span></p>
<p><span style="color: #0000ff">c/ espejo en su interior. Hall de entrada al edificio cuenta con puerta y</span></p>
<p><span style="color: #0000ff">laterales de blindex y proporciona vista tanto a la calle Doblas como al</span></p>
<p><span style="color: #0000ff">pasaje. </span></p>
<p><span style="color: #0000ff">Hall de Entrada; mayor privacidad al monoambiente, con</span></p>
<p><span style="color: #0000ff">una moderna cocina totalmente equipada;  con muebles completos, bajo mesada y alacena,</span></p>
<p><span style="color: #0000ff">artefacto de cocina, mesada con pileta de acero inoxidable, barra</span></p>
<p><span style="color: #0000ff">desayunadora y espacio para el LAVARROPAS,  piso y revestimientos en</span></p>
<p><span style="color: #0000ff">cerámicos, al ingresar a la izquierda nos encontramos con un placard de dos</span></p>
<p><span style="color: #0000ff">puertas corredizas con interiores, y un BAÑO completo con bañera, y a la</span></p>
<p><span style="color: #0000ff">derecha con el monoambiente de 7 x 3.05 con salida al BALCON CON VISTA</span></p>
<p><span style="color: #0000ff">a la calle sobre el pasaje. Todos los pisos de cerámicos, aberturas puerta</span></p>
<p><span style="color: #0000ff">balcón en aluminio anodizado. Baño completo con bañera y vanitory,</span></p>
<p><span style="color: #0000ff">revestido en su totalidad con cerámicos hasta el techo y una guarda</span></p>
<p><span style="color: #0000ff">perimetral que le proporciona calidez al mismo. Con espejo y accesorios de</span></p>
<p><span style="color: #0000ff">porta rollo y toallero.</span></p>
<p><span style="color: #0000ff">Centros de salud, centros de enseñanza, de diversos niveles, y especialidades,</span></p>
<p><span style="color: #0000ff">Supermercados,Comisarías:13,11, Avenidas: Pedro Goyena,Jose M Moreno,Rivadavia en el radio.-</span></p>
<p><span style="color: #0000ff">Se ofrece financiación privada por saldo de precio, hipoteca privada en dólares condiciones a convenir</span></p>
<p><span style="color: #0000ff">Garaje ,portón levadizo con acceso por control remoto;tan solo 4 cocheras fijas,</span></p>
</div>
</div>

<p># CABALLITO, 1 AMBIENTE CON COCHERA A ESTRENAR TODO LUZ Excelente ubicación, zona comercial/residencial, edificio situado  calle Doblas esquina Pasaje Matorras, a media cuadra de la Av. Juan B Alberdi, y a tan solo 1 cuadra y media avenida Pedro Goyena,y también 2 cuadras de Av. La Plata, y tan solo3 cuadras Av. José María [&hellip;]</p>
