{"id":4951,"date":"2026-03-19T01:24:33","date_gmt":"2026-03-19T01:24:33","guid":{"rendered":"https:\/\/carlosanouchepropiedades.com.ar\/?wdk-listing=barrio-norte1-amb-frente-balconexcelente-estado-y-ubicacion"},"modified":"2026-03-19T01:24:33","modified_gmt":"2026-03-19T01:24:33","slug":"barrio-norte1-amb-frente-balconexcelente-estado-y-ubicacion","status":"publish","type":"wdk-listing","link":"https:\/\/carlosanouchepropiedades.com.ar\/?wdk-listing=barrio-norte1-amb-frente-balconexcelente-estado-y-ubicacion","title":{"rendered":"Barrio Norte,1 amb, frente, balc\u00f3n,excelente estado y ubicaci\u00f3n,"},"content":{"rendered":"<p># BARRIO NORTE, 1 AMBIENTE, LUMINOSO, SIGNO DE CONOCER, LISTO PARA COMENZAR UN NUEVO PROYECTO #<br \/>\n#BARRIO NORTE\/ DIGNO DE VER \/METROS DE AVENIDA SANTE FE#<br \/>\n#ZONA RESIDENCIAL COMERCIAL# AL FRENTE BALCON SUPERLUMINOSO \/ EDIFICIO DE CATEGORIA AGUA CALIENTE CENTRAL CALEFACCION CENTRAL.- SUBTE LINEA D.- 2 PISO AL FRENTE TODO LUZ IMPECABLE.-<br \/>\n1 AMBIENTE,FRENTE BALCON, COMODO Y PINTORESCO DEPARTAMENTO, TI,<br \/>\nTODOS LOS SERVICIOS, PORTERIA, EL DEPARTAMENTO TIENE AGUA CALIENTE CENTRAL Y CALEFACCION CENTRAL, VISTA ABIERTA<br \/>\nCERCANO LA AVENIDA SANTA FE,NUMEROSA RED DE COMERCIOS MINORISTAS,COMISARIA EN EL RADIO,SUPERMERCADOS,CENTROS DE COMPRAS,SUBTE LINEA D PALERMO CATEDRAL<br \/>\nMICROS, COLECTIVOS HACIA DISTINTOS PUNTOS DE LA CIUDAD Y DEL CONURBANO<br \/>\nCONDICIONES DE CONTRATACION:<br \/>\nALQUILER $:650000.- MAS SERVICIOS AYSA , ABL : Y EXPENSAS 115000, NO SE PERMITEN MASCOTAS,<br \/>\nSEGURO DE CAUCION EMPRESA 1ER NIVEL INGRESOS DEMOSTRABLES REALES,<br \/>\nCORREDOR RESPONSABLE<br \/>\nCARLOS ALBERTO NOUCHE<br \/>\nCUCICBA MATRICULA PROFESIONAL 3975.-<\/p>\n<p><span style=\"color: #ff0000\">SIGANOS EN FACEBOOK,TICK TOCK, INSTAGRAM,\u00a0 en : CA.NOUCHE.PROPIEDADES<\/span><\/p>\n<p>\u00abLey 5859, Para los casos de alquiler de vivienda, el monto m\u00e1ximo de comisi\u00f3n que se le puede requerir a los propietarios ser\u00e1 el equivalente al cuatro con quince cent\u00e9simos por ciento (4,15%) del valor total del respectivo contrato. Se encuentra prohibido cobrar a los inquilinos que sean personas f\u00edsicas comisiones inmobiliarias y gastos de gestor\u00eda de informes\u00bb.<br \/>\nLey 5115: EXCEPTO que en la descripci\u00f3n de la propiedad se indique lo contrario, el edificio puede no contar con rampa para personas con movilidad reducida, y no ser Accesible para personas con discapacidades f\u00edsicas. &#8211;<\/p>\n","protected":false},"excerpt":{"rendered":"<p># BARRIO NORTE, 1 AMBIENTE, LUMINOSO, SIGNO DE CONOCER, LISTO PARA COMENZAR UN NUEVO PROYECTO # #BARRIO NORTE\/ DIGNO DE VER \/METROS DE AVENIDA SANTE FE# #ZONA RESIDENCIAL COMERCIAL# AL FRENTE BALCON SUPERLUMINOSO \/ EDIFICIO DE CATEGORIA AGUA CALIENTE CENTRAL CALEFACCION CENTRAL.- SUBTE LINEA D.- 2 PISO AL FRENTE TODO LUZ IMPECABLE.- 1 AMBIENTE,FRENTE BALCON, [&hellip;]<\/p>\n","protected":false},"author":4,"featured_media":0,"template":"","meta":{"site-sidebar-layout":"default","site-content-layout":"","ast-site-content-layout":"default","site-content-style":"default","site-sidebar-style":"default","ast-global-header-display":"","ast-banner-title-visibility":"","ast-main-header-display":"","ast-hfb-above-header-display":"","ast-hfb-below-header-display":"","ast-hfb-mobile-header-display":"","site-post-title":"","ast-breadcrumbs-content":"","ast-featured-img":"","footer-sml-layout":"","ast-disable-related-posts":"","theme-transparent-header-meta":"","adv-header-id-meta":"","stick-header-meta":"","header-above-stick-meta":"","header-main-stick-meta":"","header-below-stick-meta":"","astra-migrate-meta-layouts":"default","ast-page-background-enabled":"default","ast-page-background-meta":{"desktop":{"background-color":"var(--ast-global-color-4)","background-image":"","background-repeat":"repeat","background-position":"center center","background-size":"auto","background-attachment":"scroll","background-type":"","background-media":"","overlay-type":"","overlay-color":"","overlay-opacity":"","overlay-gradient":""},"tablet":{"background-color":"","background-image":"","background-repeat":"repeat","background-position":"center center","background-size":"auto","background-attachment":"scroll","background-type":"","background-media":"","overlay-type":"","overlay-color":"","overlay-opacity":"","overlay-gradient":""},"mobile":{"background-color":"","background-image":"","background-repeat":"repeat","background-position":"center center","background-size":"auto","background-attachment":"scroll","background-type":"","background-media":"","overlay-type":"","overlay-color":"","overlay-opacity":"","overlay-gradient":""}},"ast-content-background-meta":{"desktop":{"background-color":"var(--ast-global-color-5)","background-image":"","background-repeat":"repeat","background-position":"center center","background-size":"auto","background-attachment":"scroll","background-type":"","background-media":"","overlay-type":"","overlay-color":"","overlay-opacity":"","overlay-gradient":""},"tablet":{"background-color":"var(--ast-global-color-5)","background-image":"","background-repeat":"repeat","background-position":"center center","background-size":"auto","background-attachment":"scroll","background-type":"","background-media":"","overlay-type":"","overlay-color":"","overlay-opacity":"","overlay-gradient":""},"mobile":{"background-color":"var(--ast-global-color-5)","background-image":"","background-repeat":"repeat","background-position":"center center","background-size":"auto","background-attachment":"scroll","background-type":"","background-media":"","overlay-type":"","overlay-color":"","overlay-opacity":"","overlay-gradient":""}}},"class_list":["post-4951","wdk-listing","type-wdk-listing","status-publish","hentry"],"_links":{"self":[{"href":"https:\/\/carlosanouchepropiedades.com.ar\/index.php?rest_route=\/wp\/v2\/wdk-listing\/4951","targetHints":{"allow":["GET"]}}],"collection":[{"href":"https:\/\/carlosanouchepropiedades.com.ar\/index.php?rest_route=\/wp\/v2\/wdk-listing"}],"about":[{"href":"https:\/\/carlosanouchepropiedades.com.ar\/index.php?rest_route=\/wp\/v2\/types\/wdk-listing"}],"author":[{"embeddable":true,"href":"https:\/\/carlosanouchepropiedades.com.ar\/index.php?rest_route=\/wp\/v2\/users\/4"}],"version-history":[{"count":1,"href":"https:\/\/carlosanouchepropiedades.com.ar\/index.php?rest_route=\/wp\/v2\/wdk-listing\/4951\/revisions"}],"predecessor-version":[{"id":4952,"href":"https:\/\/carlosanouchepropiedades.com.ar\/index.php?rest_route=\/wp\/v2\/wdk-listing\/4951\/revisions\/4952"}],"wp:attachment":[{"href":"https:\/\/carlosanouchepropiedades.com.ar\/index.php?rest_route=%2Fwp%2Fv2%2Fmedia&parent=4951"}],"curies":[{"name":"wp","href":"https:\/\/api.w.org\/{rel}","templated":true}]}}

Barrio Norte,1 amb, frente, balcón,excelente estado y ubicación,

<p># BARRIO NORTE, 1 AMBIENTE, LUMINOSO, SIGNO DE CONOCER, LISTO PARA COMENZAR UN NUEVO PROYECTO #<br />
#BARRIO NORTE/ DIGNO DE VER /METROS DE AVENIDA SANTE FE#<br />
#ZONA RESIDENCIAL COMERCIAL# AL FRENTE BALCON SUPERLUMINOSO / EDIFICIO DE CATEGORIA AGUA CALIENTE CENTRAL CALEFACCION CENTRAL.- SUBTE LINEA D.- 2 PISO AL FRENTE TODO LUZ IMPECABLE.-<br />
1 AMBIENTE,FRENTE BALCON, COMODO Y PINTORESCO DEPARTAMENTO, TI,<br />
TODOS LOS SERVICIOS, PORTERIA, EL DEPARTAMENTO TIENE AGUA CALIENTE CENTRAL Y CALEFACCION CENTRAL, VISTA ABIERTA<br />
CERCANO LA AVENIDA SANTA FE,NUMEROSA RED DE COMERCIOS MINORISTAS,COMISARIA EN EL RADIO,SUPERMERCADOS,CENTROS DE COMPRAS,SUBTE LINEA D PALERMO CATEDRAL<br />
MICROS, COLECTIVOS HACIA DISTINTOS PUNTOS DE LA CIUDAD Y DEL CONURBANO<br />
CONDICIONES DE CONTRATACION:<br />
ALQUILER $:650000.- MAS SERVICIOS AYSA , ABL : Y EXPENSAS 115000, NO SE PERMITEN MASCOTAS,<br />
SEGURO DE CAUCION EMPRESA 1ER NIVEL INGRESOS DEMOSTRABLES REALES,<br />
CORREDOR RESPONSABLE<br />
CARLOS ALBERTO NOUCHE<br />
CUCICBA MATRICULA PROFESIONAL 3975.-</p>
<p><span style="color: #ff0000">SIGANOS EN FACEBOOK,TICK TOCK, INSTAGRAM,  en : CA.NOUCHE.PROPIEDADES</span></p>
<p>«Ley 5859, Para los casos de alquiler de vivienda, el monto máximo de comisión que se le puede requerir a los propietarios será el equivalente al cuatro con quince centésimos por ciento (4,15%) del valor total del respectivo contrato. Se encuentra prohibido cobrar a los inquilinos que sean personas físicas comisiones inmobiliarias y gastos de gestoría de informes».<br />
Ley 5115: EXCEPTO que en la descripción de la propiedad se indique lo contrario, el edificio puede no contar con rampa para personas con movilidad reducida, y no ser Accesible para personas con discapacidades físicas. &#8211;</p>
